{"id":559,"date":"2024-11-19T13:01:02","date_gmt":"2024-11-19T11:01:02","guid":{"rendered":"https:\/\/www.kauhavanpainimiehet.fi\/?page_id=559"},"modified":"2025-08-05T09:00:58","modified_gmt":"2025-08-05T06:00:58","slug":"home","status":"publish","type":"page","link":"https:\/\/www.kauhavanpainimiehet.fi\/","title":{"rendered":"Home"},"content":{"rendered":"\t\t<div data-elementor-type=\"wp-page\" data-elementor-id=\"559\" class=\"elementor elementor-559\">\n\t\t\t\t<div class=\"elementor-element elementor-element-1192fe0 e-flex e-con-boxed e-con e-parent\" data-id=\"1192fe0\" data-element_type=\"container\" data-e-type=\"container\" data-settings=\"{&quot;background_background&quot;:&quot;classic&quot;}\">\n\t\t\t\t\t<div class=\"e-con-inner\">\n\t\t<div class=\"elementor-element elementor-element-13a4d34 e-con-full e-flex e-con e-child\" data-id=\"13a4d34\" data-element_type=\"container\" data-e-type=\"container\">\n\t\t\t\t<div class=\"elementor-element elementor-element-8ffe8ee elementor-widget elementor-widget-image\" data-id=\"8ffe8ee\" data-element_type=\"widget\" data-e-type=\"widget\" data-widget_type=\"image.default\">\n\t\t\t\t<div class=\"elementor-widget-container\">\n\t\t\t\t\t\t\t\t\t\t\t\t\t\t\t<img loading=\"lazy\" decoding=\"async\" width=\"940\" height=\"788\" src=\"https:\/\/www.kauhavanpainimiehet.fi\/wp-content\/uploads\/2024\/11\/LogoVal-1.png\" class=\"attachment-large size-large wp-image-1005\" alt=\"\" srcset=\"https:\/\/www.kauhavanpainimiehet.fi\/wp-content\/uploads\/2024\/11\/LogoVal-1.png 940w, https:\/\/www.kauhavanpainimiehet.fi\/wp-content\/uploads\/2024\/11\/LogoVal-1-300x251.png 300w, https:\/\/www.kauhavanpainimiehet.fi\/wp-content\/uploads\/2024\/11\/LogoVal-1-768x644.png 768w\" sizes=\"(max-width: 940px) 100vw, 940px\" \/>\t\t\t\t\t\t\t\t\t\t\t\t\t\t\t<\/div>\n\t\t\t\t<\/div>\n\t\t\t\t<\/div>\n\t\t<div class=\"elementor-element elementor-element-066a580 e-con-full e-flex e-con e-child\" data-id=\"066a580\" data-element_type=\"container\" data-e-type=\"container\">\n\t\t<div class=\"elementor-element elementor-element-9c1b6d1 e-con-full e-flex e-con e-child\" data-id=\"9c1b6d1\" data-element_type=\"container\" data-e-type=\"container\">\n\t\t\t\t<div class=\"elementor-element elementor-element-6a59c16 elementor-widget elementor-widget-heading\" data-id=\"6a59c16\" data-element_type=\"widget\" data-e-type=\"widget\" data-widget_type=\"heading.default\">\n\t\t\t\t<div class=\"elementor-widget-container\">\n\t\t\t\t\t<h2 class=\"elementor-heading-title elementor-size-default\">Tervetuloa painimaan!<\/h2>\t\t\t\t<\/div>\n\t\t\t\t<\/div>\n\t\t\t\t<\/div>\n\t\t<div class=\"elementor-element elementor-element-ad248c6 e-con-full e-flex e-con e-child\" data-id=\"ad248c6\" data-element_type=\"container\" data-e-type=\"container\">\n\t\t\t\t<div class=\"elementor-element elementor-element-26f73d5 elementor-widget elementor-widget-text-editor\" data-id=\"26f73d5\" data-element_type=\"widget\" data-e-type=\"widget\" data-widget_type=\"text-editor.default\">\n\t\t\t\t<div class=\"elementor-widget-container\">\n\t\t\t\t\t\t\t\t\t<p><strong>Kauhavan Painimiehet<\/strong> on perinteik\u00e4s seura, joka tarjoaa monipuolisia painiharjoituksia kaikenik\u00e4isille. Olitpa aloitteleva nassikkapainija tai kokenut kilpaurheilija, meill\u00e4 on paikka juuri sinulle! Seurassamme yhdistyv\u00e4t liikunnan ilo ja yhteis\u00f6llisyys.<\/p><p>Ryhm\u00e4t kokoontuvat osoitteessa: <strong>Vanha keskustankoulu, Lentokent\u00e4ntie 19, 62200 Kauhava\u00a0<\/strong><\/p>\t\t\t\t\t\t\t\t<\/div>\n\t\t\t\t<\/div>\n\t\t\t\t<\/div>\n\t\t\t\t<\/div>\n\t\t\t\t\t<\/div>\n\t\t\t\t<\/div>\n\t\t<div class=\"elementor-element elementor-element-a7bfce3 e-flex e-con-boxed e-con e-parent\" data-id=\"a7bfce3\" data-element_type=\"container\" data-e-type=\"container\">\n\t\t\t\t\t<div class=\"e-con-inner\">\n\t\t\t\t\t<\/div>\n\t\t\t\t<\/div>\n\t\t<div class=\"elementor-element elementor-element-f7ab9c1 e-flex e-con-boxed e-con e-parent\" data-id=\"f7ab9c1\" data-element_type=\"container\" data-e-type=\"container\">\n\t\t\t\t\t<div class=\"e-con-inner\">\n\t\t\t\t<div class=\"elementor-element elementor-element-70f97f0 elementor-widget elementor-widget-sidebar\" data-id=\"70f97f0\" data-element_type=\"widget\" data-e-type=\"widget\" data-widget_type=\"sidebar.default\">\n\t\t\t\t<div class=\"elementor-widget-container\">\n\t\t\t\t\t<div class=\"ct-widget is-layout-flow widget_block\" id=\"block-9\">\n<div class=\"wp-block-columns alignwide are-vertically-aligned-center is-layout-flex wp-container-core-columns-is-layout-28f84493 wp-block-columns-is-layout-flex\">\n<div class=\"wp-block-column is-layout-flow wp-block-column-is-layout-flow\">\n<div data-id=\"7213fa9c\" class=\"wp-block-blocksy-query\"><div class=\"ct-query-template-grid\"><article class=\"wp-block-post is-layout-flow post-1319 post type-post status-publish format-standard has-post-thumbnail hentry category-uncategorized\"><\/article><article class=\"wp-block-post is-layout-flow post-1302 post type-post status-publish format-standard has-post-thumbnail hentry category-uncategorized\"><\/article><article class=\"wp-block-post is-layout-flow post-1229 post type-post status-publish format-standard has-post-thumbnail hentry category-uncategorized\"><\/article><article class=\"wp-block-post is-layout-flow post-1031 post type-post status-publish format-standard has-post-thumbnail hentry category-uncategorized\"><\/article><article class=\"wp-block-post is-layout-flow post-1011 post type-post status-publish format-standard has-post-thumbnail hentry category-uncategorized\"><\/article><\/div><style>[data-id='7213fa9c'] {align-items:center;--grid-columns-width:3;}@media (max-width: 999.98px) {[data-id='7213fa9c'] {--grid-columns-width:2;}}@media (max-width: 689.98px) {[data-id='7213fa9c'] {--grid-columns-width:1;}}<\/style><\/div>\n<\/div>\n<\/div>\n<\/div><div class=\"ct-widget is-layout-flow widget_block\" id=\"block-70\">\n<div data-id=\"8763507f\" class=\"wp-block-blocksy-query\"><div class=\"ct-query-template-grid\"><article class=\"wp-block-post is-layout-flow post-1319 post type-post status-publish format-standard has-post-thumbnail hentry category-uncategorized\">\n<a style=\"margin-bottom:0;\" class=\"ct-dynamic-media wp-elements-126cfb600e7e0b9f7d8d2ab19a9f527d\" aria-label=\"Syyskausi ja koko painivuosi paketissa\" href=\"https:\/\/www.kauhavanpainimiehet.fi\/?p=1319\"><span data-hover=\"zoom-in\" class=\"ct-dynamic-media-inner\" style=\"border-radius:20px;\"><img fetchpriority=\"high\" decoding=\"async\" fetchpriority=\"high\" width=\"940\" height=\"767\" src=\"https:\/\/www.kauhavanpainimiehet.fi\/wp-content\/uploads\/2025\/12\/Paini-4-1.png\" class=\"attachment-full size-full\" alt=\"\" style=\"width:100%;height:100%;object-fit: cover;aspect-ratio: 1;\" srcset=\"https:\/\/www.kauhavanpainimiehet.fi\/wp-content\/uploads\/2025\/12\/Paini-4-1.png 940w, https:\/\/www.kauhavanpainimiehet.fi\/wp-content\/uploads\/2025\/12\/Paini-4-1-300x245.png 300w, https:\/\/www.kauhavanpainimiehet.fi\/wp-content\/uploads\/2025\/12\/Paini-4-1-768x627.png 768w\" sizes=\"(max-width: 940px) 100vw, 940px\" \/><\/span><\/a>\n\n\n<div class=\"wp-block-group is-layout-constrained wp-container-core-group-is-layout-44316603 wp-block-group-is-layout-constrained\" style=\"margin-top:var(--wp--preset--spacing--50);padding-right:var(--wp--preset--spacing--50);padding-left:var(--wp--preset--spacing--50)\"><h2 style=\"font-size:clamp(14px, 0.875rem + ((1vw - 3.2px) * 0.469), 20px);\" class=\"ct-dynamic-data wp-elements-8220cd85caf5e68757d7afada4888379\"><a href=\"https:\/\/www.kauhavanpainimiehet.fi\/?p=1319\">Syyskausi ja koko painivuosi paketissa<\/a><\/h2>\n\n\n<div class=\"wp-block-group is-nowrap is-layout-flex wp-container-core-group-is-layout-877c468d wp-block-group-is-layout-flex\">\n<div class=\"wp-block-group is-layout-constrained wp-container-core-group-is-layout-19e250f3 wp-block-group-is-layout-constrained\"><div class=\"ct-dynamic-data wp-elements-75c3acab3cff5557061d009d04e39255\"><p>Kauhavan Painimiesten syyskausi ja samalla koko painivuosi 2025 alkaa olemaan paketissa. Kulunut kausi on ollut tapahtumarikas niin kilpailujen, harjoitusten kuin\u2026<\/p>\n<\/div><\/div>\n<\/div>\n<\/div>\n\n<\/article><article class=\"wp-block-post is-layout-flow post-1302 post type-post status-publish format-standard has-post-thumbnail hentry category-uncategorized\">\n<a style=\"margin-bottom:0;\" class=\"ct-dynamic-media wp-elements-126cfb600e7e0b9f7d8d2ab19a9f527d\" aria-label=\"Painin syyskausi alkaa!\" href=\"https:\/\/www.kauhavanpainimiehet.fi\/?p=1302\"><span data-hover=\"zoom-in\" class=\"ct-dynamic-media-inner\" style=\"border-radius:20px;\"><img loading=\"lazy\" decoding=\"async\" width=\"940\" height=\"788\" src=\"https:\/\/www.kauhavanpainimiehet.fi\/wp-content\/uploads\/2025\/08\/Syyskausi25.png\" class=\"attachment-full size-full\" alt=\"\" style=\"width:100%;height:100%;object-fit: cover;aspect-ratio: 1;\" srcset=\"https:\/\/www.kauhavanpainimiehet.fi\/wp-content\/uploads\/2025\/08\/Syyskausi25.png 940w, https:\/\/www.kauhavanpainimiehet.fi\/wp-content\/uploads\/2025\/08\/Syyskausi25-300x251.png 300w, https:\/\/www.kauhavanpainimiehet.fi\/wp-content\/uploads\/2025\/08\/Syyskausi25-768x644.png 768w\" sizes=\"(max-width: 940px) 100vw, 940px\" \/><\/span><\/a>\n\n\n<div class=\"wp-block-group is-layout-constrained wp-container-core-group-is-layout-44316603 wp-block-group-is-layout-constrained\" style=\"margin-top:var(--wp--preset--spacing--50);padding-right:var(--wp--preset--spacing--50);padding-left:var(--wp--preset--spacing--50)\"><h2 style=\"font-size:clamp(14px, 0.875rem + ((1vw - 3.2px) * 0.469), 20px);\" class=\"ct-dynamic-data wp-elements-8220cd85caf5e68757d7afada4888379\"><a href=\"https:\/\/www.kauhavanpainimiehet.fi\/?p=1302\">Painin syyskausi alkaa!<\/a><\/h2>\n\n\n<div class=\"wp-block-group is-nowrap is-layout-flex wp-container-core-group-is-layout-877c468d wp-block-group-is-layout-flex\">\n<div class=\"wp-block-group is-layout-constrained wp-container-core-group-is-layout-19e250f3 wp-block-group-is-layout-constrained\"><div class=\"ct-dynamic-data wp-elements-75c3acab3cff5557061d009d04e39255\"><p>Kauhavan Painimiesten syyskausi k\u00e4ynnistyy viikolla 35 ja jatkuu aina viikolle 51 saakka. Harjoituspaikka:Vanha keskustan kouluLentokent\u00e4ntie 19, 62200 Kauhava Uusille harrastajille\u2026<\/p>\n<\/div><\/div>\n<\/div>\n<\/div>\n\n<\/article><article class=\"wp-block-post is-layout-flow post-1229 post type-post status-publish format-standard has-post-thumbnail hentry category-uncategorized\">\n<a style=\"margin-bottom:0;\" class=\"ct-dynamic-media wp-elements-126cfb600e7e0b9f7d8d2ab19a9f527d\" aria-label=\"Meid\u00e4n kev\u00e4t 2025\" href=\"https:\/\/www.kauhavanpainimiehet.fi\/?p=1229\"><span data-hover=\"zoom-in\" class=\"ct-dynamic-media-inner\" style=\"border-radius:20px;\"><img loading=\"lazy\" decoding=\"async\" width=\"2519\" height=\"2560\" src=\"https:\/\/www.kauhavanpainimiehet.fi\/wp-content\/uploads\/2025\/05\/KLL-scaled.jpg\" class=\"attachment-full size-full\" alt=\"\" style=\"width:100%;height:100%;object-fit: cover;aspect-ratio: 1;\" srcset=\"https:\/\/www.kauhavanpainimiehet.fi\/wp-content\/uploads\/2025\/05\/KLL-scaled.jpg 2519w, https:\/\/www.kauhavanpainimiehet.fi\/wp-content\/uploads\/2025\/05\/KLL-295x300.jpg 295w, https:\/\/www.kauhavanpainimiehet.fi\/wp-content\/uploads\/2025\/05\/KLL-1008x1024.jpg 1008w, https:\/\/www.kauhavanpainimiehet.fi\/wp-content\/uploads\/2025\/05\/KLL-768x780.jpg 768w, https:\/\/www.kauhavanpainimiehet.fi\/wp-content\/uploads\/2025\/05\/KLL-1512x1536.jpg 1512w, https:\/\/www.kauhavanpainimiehet.fi\/wp-content\/uploads\/2025\/05\/KLL-2015x2048.jpg 2015w\" sizes=\"(max-width: 2519px) 100vw, 2519px\" \/><\/span><\/a>\n\n\n<div class=\"wp-block-group is-layout-constrained wp-container-core-group-is-layout-44316603 wp-block-group-is-layout-constrained\" style=\"margin-top:var(--wp--preset--spacing--50);padding-right:var(--wp--preset--spacing--50);padding-left:var(--wp--preset--spacing--50)\"><h2 style=\"font-size:clamp(14px, 0.875rem + ((1vw - 3.2px) * 0.469), 20px);\" class=\"ct-dynamic-data wp-elements-8220cd85caf5e68757d7afada4888379\"><a href=\"https:\/\/www.kauhavanpainimiehet.fi\/?p=1229\">Meid\u00e4n kev\u00e4t 2025<\/a><\/h2>\n\n\n<div class=\"wp-block-group is-nowrap is-layout-flex wp-container-core-group-is-layout-877c468d wp-block-group-is-layout-flex\">\n<div class=\"wp-block-group is-layout-constrained wp-container-core-group-is-layout-19e250f3 wp-block-group-is-layout-constrained\"><div class=\"ct-dynamic-data wp-elements-75c3acab3cff5557061d009d04e39255\"><p>Kev\u00e4tkausi 2025 on ollut Kauhavan Painimiehille tapahtumarikas ja monipuolinen. Seuramme urheilijat ovat edustaneet v\u00e4rej\u00e4 ylpe\u00e4sti eri puolilla Suomea, niin suurissa\u2026<\/p>\n<\/div><\/div>\n<\/div>\n<\/div>\n\n<\/article><\/div><style>[data-id='8763507f'] {--grid-columns-gap:var(--wp--preset--spacing--60);--grid-columns-width:3;}@media (max-width: 999.98px) {[data-id='8763507f'] {--grid-columns-width:2;}}@media (max-width: 689.98px) {[data-id='8763507f'] {--grid-columns-width:1;}}<\/style><\/div>\n<\/div>\t\t\t\t<\/div>\n\t\t\t\t<\/div>\n\t\t\t\t\t<\/div>\n\t\t\t\t<\/div>\n\t\t<div class=\"elementor-element elementor-element-7f31da3 e-flex e-con-boxed e-con e-parent\" data-id=\"7f31da3\" data-element_type=\"container\" data-e-type=\"container\" data-settings=\"{&quot;background_background&quot;:&quot;classic&quot;}\">\n\t\t\t\t\t<div class=\"e-con-inner\">\n\t\t\t\t\t<\/div>\n\t\t\t\t<\/div>\n\t\t\t\t<\/div>\n\t\t","protected":false},"excerpt":{"rendered":"<p>Tervetuloa painimaan! Kauhavan Painimiehet on perinteik\u00e4s seura, joka tarjoaa monipuolisia painiharjoituksia kaikenik\u00e4isille. Olitpa aloitteleva nassikkapainija tai kokenut kilpaurheilija, meill\u00e4 on paikka juuri sinulle! Seurassamme yhdistyv\u00e4t liikunnan ilo ja yhteis\u00f6llisyys. Ryhm\u00e4t kokoontuvat osoitteessa: Vanha keskustankoulu, Lentokent\u00e4ntie 19, 62200 Kauhava\u00a0<\/p>\n","protected":false},"author":1,"featured_media":0,"parent":0,"menu_order":0,"comment_status":"closed","ping_status":"closed","template":"elementor_theme","meta":{"footnotes":""},"class_list":["post-559","page","type-page","status-publish","hentry"],"blocksy_meta":[],"_links":{"self":[{"href":"https:\/\/www.kauhavanpainimiehet.fi\/index.php?rest_route=\/wp\/v2\/pages\/559","targetHints":{"allow":["GET"]}}],"collection":[{"href":"https:\/\/www.kauhavanpainimiehet.fi\/index.php?rest_route=\/wp\/v2\/pages"}],"about":[{"href":"https:\/\/www.kauhavanpainimiehet.fi\/index.php?rest_route=\/wp\/v2\/types\/page"}],"author":[{"embeddable":true,"href":"https:\/\/www.kauhavanpainimiehet.fi\/index.php?rest_route=\/wp\/v2\/users\/1"}],"replies":[{"embeddable":true,"href":"https:\/\/www.kauhavanpainimiehet.fi\/index.php?rest_route=%2Fwp%2Fv2%2Fcomments&post=559"}],"version-history":[{"count":195,"href":"https:\/\/www.kauhavanpainimiehet.fi\/index.php?rest_route=\/wp\/v2\/pages\/559\/revisions"}],"predecessor-version":[{"id":1276,"href":"https:\/\/www.kauhavanpainimiehet.fi\/index.php?rest_route=\/wp\/v2\/pages\/559\/revisions\/1276"}],"wp:attachment":[{"href":"https:\/\/www.kauhavanpainimiehet.fi\/index.php?rest_route=%2Fwp%2Fv2%2Fmedia&parent=559"}],"curies":[{"name":"wp","href":"https:\/\/api.w.org\/{rel}","templated":true}]}}